{"id":85,"date":"2009-01-03T13:51:41","date_gmt":"2009-01-03T12:51:41","guid":{"rendered":"http:\/\/www.13thmonkey.de\/news\/?page_id=85"},"modified":"2026-02-17T09:09:29","modified_gmt":"2026-02-17T08:09:29","slug":"shows","status":"publish","type":"page","link":"https:\/\/www.13thmonkey.de\/news\/shows\/","title":{"rendered":"shows"},"content":{"rendered":"<p><strong>upcoming:<\/strong><\/p>\n<p><strong>24.\/25.04.26 &#8211; Forms Of Hands 25<\/strong><br \/>\nlive: <strong>13th MONKEY<\/strong>, Ah Cama-Sotz, Mono No Aware, Geistform, S.K.E.T., Greyhound, Monya, ICD-10, Sans-Fin, Torture Gallery, Nullmaschine, &#8230;<br \/>\nF\u00f6rderturm B\u00f6nen, Schachtanlage K\u00f6nigsborn III\/IV, B\u00f6nen (GER)<\/p>\n<p><strong>archiv:<\/strong><\/p>\n<p><strong><del datetime=\"2026-02-17T08:06:54+00:00\">15.11.25 &#8211; European Dark Dance Treffen<\/del><\/strong><br \/>\n<del datetime=\"2026-02-17T08:06:54+00:00\">live: <strong>13th MONKEY<\/strong>, &#8230; <\/del><br \/>\n<del datetime=\"2026-02-17T08:06:54+00:00\">MS Connexxion, Mannheim (GER)<\/del><\/p>\n<p><strong>26.\/27.04.24 &#8211; Forms Of Hands 23<\/strong><br \/>\nlive: <strong>13th MONKEY<\/strong>, Esplendor Geom\u00e9trico, S.K.E.T., Heimstatt Yipotash, Supersimmetria, Saturmzlide, Strobo.Lolita, &#8230;<br \/>\nF\u00f6rderturm B\u00f6nen, Schachtanlage K\u00f6nigsborn III\/IV, B\u00f6nen (GER)<\/p>\n<p><strong>21.10.23 &#8211; Beats And Noise 2023<\/strong><br \/>\nlive: <strong>13th MONKEY<\/strong>, Sonar, Imperial Black Unit, Greyhound, Supersimmetria, Andi AKA (DJ), Udo Wiessman (DJ)<br \/>\nKulttempel, Oberhausen (GER)<\/p>\n<p><strong>23.04.22 &#8211; Forms Of Hands 21 \/ 2022<\/strong><br \/>\nlive: <strong>13th MONKEY<\/strong>, Winterk\u00e4lte, Proyecto Mirage, Last Days Of S.E.X., Sylveist Maelstr\u00f6m, Talvekoidik, Trackologists, Monolith, S.K.E.T., Templer, &#8230;<br \/>\nF\u00f6rderturm B\u00f6nen, Schachtanlage K\u00f6nigsborn III\/IV, B\u00f6nen (GER)<\/p>\n<p><strong>20.11.21 &#8211; Beats And Noise 2021<\/strong><br \/>\nlive: <strong>13th MONKEY<\/strong>, Winterk\u00e4lte, Hysteresis, Greyhound, Monya, Udo Wiessman (DJ)<br \/>\nKulttempel, Oberhausen (GER)<\/p>\n<p><strong> 16.10.21 &#8211; Bruital Furore II \/ V<\/strong><br \/>\nlive: <strong>13th MONKEY<\/strong>, Talvekoidik, Mortaja, Maschinenkrieger KR52, Last Days Of S.E.X, Spherical Disrupted, Kaffee &amp; Kuchen, Ben Bloodygrave, Flugl\u00e4rm, &#8230;<br \/>\nMS Stubnitz, Hamburg (GER)<\/p>\n<p><strong>30.08.19 &#8211; MUK.E 19<\/strong><br \/>\nlive: <strong>13th MONKEY<\/strong>, Orphx, Rhys Fulber, Maschinenkrieger Kr52, Sylvgheist Maelstr\u00f6m, Julia B\u00fcnnagel<br \/>\nFZW, Dortmund (GER)<\/p>\n<p><strong>27.07.19 &#8211; Bruital Furore<\/strong><br \/>\nlive: <strong>13th MONKEY<\/strong>, Mono No Aware, Hydrogen, Alarmen, Supersimmetria, Riotmiloo, Abiboss, Anemone Tube, David Wallraf, &#8230;<br \/>\nMS Stubnitz, Hamburg (GER)<\/p>\n<p><strong>11.11.17 &#8211; Mega Rave!<\/strong><br \/>\nlive: <strong>13th MONKEY<\/strong>, Bj\u00f6rn Peng, HC Baxxter.<br \/>\nAnna &amp; Arthur, L\u00fcneburg (GER)<\/p>\n<p><strong>06.10.17 &#8211; Lauter Krach IV<\/strong><br \/>\nlive: <strong>13th MONKEY<\/strong>, Winterk\u00e4lte, Geistform, Morbus M., The Negativity Bias, 1979, Ben Bloodygrave, &#8230;<br \/>\nKulturhaus, Lauter (GER)<\/p>\n<p><strong>24.06.17 &#8211; Bunker Noise 4<\/strong><br \/>\nlive: <strong>13th MONKEY<\/strong>, Proyecto Mirage, Dazzling Malicious, x0ks.<br \/>\nAZ Aachen, Aachen (GER)<\/p>\n<p><strong>02.06.17 &#8211; WGT 2017<\/strong><br \/>\nlive: <strong>13th MONKEY<\/strong>, Hypnoskull, Blac Kolor, Rendered, Konkurs.<br \/>\nAltes Landratsamt, Leipzig (GER)<\/p>\n<p><strong>03.02.17 &#8211; 13th Monkey, Das Institut, THDN<\/strong><br \/>\nlive: <strong>13th MONKEY<\/strong>, Das Institut, THDN.<br \/>\nRote Flora, Hamburg (GER)<\/p>\n<p><strong>05.11.16 &#8211; Katharsis<\/strong><br \/>\nlive: <strong>13th MONKEY<\/strong>, Flint Glass.<br \/>\nFundbureau, Hamburg (GER)<\/p>\n<p><strong>14.-16.10.16 &#8211; Maschinenfest 2016<\/strong><br \/>\nlive: <strong>13th MONKEY<\/strong>, Winterk\u00e4lte, Ambassador 21, Blush Response, EA80, Niveau Zero, Hypnoskull, Test Dept Redux, Ancient Methods, Supersimmetria, &#8230;<br \/>\nTurbinenhalle, Oberhausen (GER)<\/p>\n<p><strong>25.04.15 &#8211; Forms Of Hands 15<\/strong><br \/>\nlive: <strong>13th MONKEY<\/strong>, Ah Cama-Sotz, S.K.E.T., Sylvgeist Maelstr\u00f6m, Synth-Etik, Illegal Trade, Yura Yura, &#8230;<br \/>\nF\u00f6rderturm B\u00f6nen, Schachtanlage K\u00f6nigsborn III\/IV, B\u00f6nen (GER)<\/p>\n<p><strong>27.09.14 &#8211; Lauter Krach<\/strong><br \/>\nlive: <strong>13th MONKEY<\/strong>, Marita Schreck, Silent Walls, Polarlicht 4.1, Neoklin, Sabotage Baseline<br \/>\nKulturhaus, Lauter (GER)<\/p>\n<p><strong>21.06.13 &#8211; K.O.M.A. Festival<\/strong><br \/>\nlive: <strong>13th MONKEY<\/strong>, KiEw, Winterk\u00e4lte, Wieloryb, Xotox, Soman, Ambassador 21, Iszoloscope, Mono-Amine, &#8230;<br \/>\nOslo (NOR)<\/p>\n<p><strong> 22.03.13 &#8211; L\u00e4rm Alarm L\u00e4rm 2<\/strong><br \/>\nlive: <strong>13th MONKEY<\/strong>, C-drik, Stories In Colour<br \/>\nZMF, Berlin (GER)<\/p>\n<p><strong>01.12.12 &#8211; Hands Label Night<\/strong><br \/>\nlive: <strong>13th MONKEY<\/strong>, Mono No Aware, Needle Sharing, Wieloryb<br \/>\nKulturfabrik, Krefeld (GER)<\/p>\n<p><strong>27.\/28.04.12 &#8211; Forms Of Hands<\/strong><br \/>\nlive: <strong>13th MONKEY<\/strong>, Needle Sharing, Mono No Aware, MS Gentur, S.K.E.T., 16pad Noise Terrorist, Nullgrad, Syntech, SaturmZlide, 1979, Dirty K, Sylvgheist Maelstr\u00f6m<br \/>\nSchachtanlage K\u00f6nigsborn III\/IV, B\u00f6nen (GER)<\/p>\n<p><strong>17.03.12 &#8211; 41. Dark Dance Treffen<\/strong><br \/>\nlive: <strong>13th MONKEY<\/strong>, KiEw, Project Pitchfork, FAQ, Ext!ze, Schramm<br \/>\nUniversal D.O.G., Lahr (GER)<\/p>\n<p><strong>24.02.12 &#8211; 13th Monkey, 100blumen, Saal5<\/strong><br \/>\nlive: <strong>13th MONKEY<\/strong>, 100blumen, Saal5<br \/>\nJFS Alter Schlachthof, Stade (GER)<\/p>\n<p><strong>26.08.11 &#8211; Schlagstrom! Festival<\/strong><br \/>\nlive: <strong>13th MONKEY<\/strong>, Monolith, Sandblasting, Kirdec, Capsular, Anemone Tube, Dr.Nexus, &#8230;<br \/>\nDirty 54, Berlin (GER)<\/p>\n<p><strong>12.06.11 &#8211; WGT 2011<\/strong><br \/>\nlive: <strong>13th MONKEY<\/strong>, Esplendor Geometrico, 100blumen, Alter der Ruine, Moctan, Noisex, Marita Schreck, &#8230;<br \/>\nWerk II, Leipzig (GER)<\/p>\n<p><strong>07.05.11 &#8211; Stahlklang vs Brainstorm<\/strong><br \/>\nlive: <strong>13th MONKEY<\/strong>, Mutterkorn, Moleculez<br \/>\nMS Stubnitz, Hamburg (GER)<\/p>\n<p><strong>05.03.11 &#8211; Krachbar<\/strong><br \/>\nlive: <strong>13th MONKEY<\/strong>, Bong-Ra, SaturmZlide<br \/>\nDruckluft, Oberhausen (GER)<\/p>\n<p><strong>15.01.11 &#8211; Subfrequencies &#8211; Industrial Special<\/strong><br \/>\nlive: <strong>13th MONKEY<\/strong>, Frl. Linientreu, Two-O-onE<br \/>\nAnna &amp; Arthur, L\u00fcneburg (GER)<\/p>\n<p><strong>20.11.10 &#8211; Cyberia<\/strong><br \/>\nlive: <strong>13th MONKEY<\/strong>, KiEw<br \/>\nTivoli de Helling, Utrecht (NL)<\/p>\n<p><strong>05.11.10 &#8211; Maschinenfest 2010<\/strong><br \/>\nlive: <strong>13th MONKEY<\/strong>, ABS6, Ah Cama-Sotz, Ambassador21, Architect, Asche, Bipol, Chrysalide, Config.sys, Edgey, Frl. Linientreu, Iiszoloscope, Killer, Lingouf, Mandelbrot, Matta, Mono No Aware, Niveau Zero, Nullvektor, Sonar, Sonic Area, Subheim, Swanika, Winterk\u00e4lte, Zero Degree<br \/>\nTurbinenhalle, Oberhausen (GER)<\/p>\n<p><strong>23.04.10 &#8211; Forms Of Hands 10<\/strong><br \/>\nlive: <strong>13th MONKEY<\/strong>, Nullgrad, Last Days Of S.E.X., Heimstatt Yipotash, S.K.E.T., MS Gentur, Geistform, Morbus M., 16Pad Noise Terrorist, The PCP Principle, From Syntech To Greyhound, Nullvektor, Xabec, Mono No Aware<br \/>\nGrubenausbauwerkstatt, Zeche Auguste Victoria, Marl (GER)<\/p>\n<p><strong>03.04.10 &#8211; Solange es Strom gibt<\/strong><br \/>\nlive: <strong>13th MONKEY<\/strong><br \/>\nJekyll &amp; Hyde, L\u00fcneburg (GER)<\/p>\n<p><strong>26.03.10 &#8211; Elektroanschlag 11<\/strong><br \/>\nlive: <strong>13th MONKEY<\/strong>, 16Pad Noise Terrorist, NoGo!, Baxter Lilly, Spherical Disrupted, S:Cage, Subheim, Oil 10, Absolute Body Control, M.A.O., Frl. Linientreu, Militia, Raoul Sinier, Control, MS Gentur, Displacer, Roger Rotor<br \/>\nBrauerei Tenne, Altenburg (GER)<\/p>\n<p><strong>06.02.10 &#8211; Brainstorm<\/strong><br \/>\nlive: <strong>13th MONKEY<\/strong>, Brixton, Incite\/, Two-O-One, Abilgaard Re-Activat8, Noiseevoluter<br \/>\nRote Flora, Hamburg (GER)<\/p>\n<p><strong>24.10.09 &#8211; Subfrequencies<\/strong><br \/>\nlive: <strong>13th MONKEY<\/strong>, KiEw, Heimstatt-Yipotash<br \/>\nGarage, L\u00fcneburg (GER)<\/p>\n<p><strong>01.10.09 &#8211; Cybermental 4<\/strong><br \/>\nlive:&nbsp;<strong>13th MONKEY<\/strong>, KiEw, Roger Rotor, Cycler, AKM, Matze, Eklipse, Mr. Pan[k]sament, Brazda Lui Novac, ODT, Contornionist, Abnormal Experimentalist<br \/>\nSilver Church, Bukarest (RO)<\/p>\n<p><strong>25.04.09 &#8211;&nbsp;Villa Keferstein<\/strong><br \/>\nlive:&nbsp;<strong>13th MONKEY<\/strong>, Uijuijui\/Naomi Sample<br \/>\nVilla Keferstein, L\u00fcneburg (GER)<\/p>\n<p><strong>05.07.08 &#8211;&nbsp;Avantgardefestival 2008<\/strong><br \/>\nlive:&nbsp;<strong>13th MONKEY<\/strong>, Faust, Xabec, KK Null, Mona Mur feat En Esch (Ex-KMFDM) , &#8230;<br \/>\nGut Schiphorst, Schiphorst (GER)<\/p>\n<p><strong>08.05.08 &#8211;&nbsp;Anakronism &#8211; WGT Edition 2008<\/strong><br \/>\nlive:&nbsp;<strong>13th MONKEY<\/strong><br \/>\nMoritzbastei, Leipzig (GER)<\/p>\n<p><strong>01.03.08 &#8211; Geburtstagsman\u00f6ver III <\/strong><br \/>\nlive:&nbsp;<strong>13th MONKEY<\/strong>, H3adroom, Stephan Strube<br \/>\nAltes Munitionslager, Dreetz (GER)<\/p>\n<p><strong>29.02.08 &#8211;&nbsp;8A @ MS Stubnitz<\/strong><br \/>\nlive:&nbsp;<strong>13th MONKEY<\/strong>, dasabsolutevakuum, Hexagen<br \/>\nMS Stubnitz, Rostock (GER)<\/p>\n<p><strong>15.12.07 &#8211;&nbsp;AllesFliessst Geburtstags-Ravegala<\/strong><br \/>\nlive:&nbsp;<strong>13th MONKEY<\/strong>, Dynamo Dreesen, Acidizer, Activists 69, Kettenkarrussel, Galointsch<br \/>\nRote Flora, Hamburg (GER)<\/p>\n<p><strong>29.09.07 &#8211; Schilfmusik <\/strong><br \/>\nlive:&nbsp;<strong>13th MONKEY<\/strong><br \/>\nIQ-Bar, L\u00fcneburg (GER)<\/p>\n<p><strong>08.09.07 &#8211; Feindsender vs. Schlagstrom Meeting <\/strong><br \/>\nlive:&nbsp;<strong>13th MONKEY<\/strong>, Sick En For, BooT-SectoR-ViruZ vs about:black<br \/>\nRAW Tempel, Berlin (GER)<\/p>\n<p><strong>24.-26.08.07 &#8211; Infest 2007 <\/strong><br \/>\nlive:&nbsp;<strong>13th MONKEY<\/strong>, Apoptygma Berzerk, VNV Nation, Faderhead, Portion Control, Soman, Caustic, The Gothsicles, Greyhound, Dope Stars Inc, Painbastard, ESA, Synnack, Rupesh Cartel<br \/>\nUniversity Of Bradford, Bradford (UK)<\/p>\n<p><strong>16.06.07 &#8211; Tunnel 3 <\/strong><br \/>\nlive:&nbsp;<strong>13th MONKEY<\/strong><br \/>\nEisenbahntunnel, Mittelstille (GER)<\/p>\n<p><strong>28.04.07 &#8211; 5 1\/5 Jahre Kellermusik Records <\/strong><br \/>\nlive:&nbsp;<strong>13th MONKEY<\/strong>, Exocet, Elipse, RDR<br \/>\nVictor Jara, Leipzig (GER)<\/p>\n<p><strong>03.03.07 &#8211; Industrial Noise Corporation <\/strong><br \/>\nlive:&nbsp;<strong>13th MONKEY<\/strong><br \/>\nBazart, Den Haag (NL)<\/p>\n<p><strong>17.02.07 &#8211; Sonic Fiction &#8211; Gib&#8216; Kette!<\/strong><br \/>\nlive:&nbsp;<strong>13th MONKEY<\/strong><br \/>\nJekyll &amp; Hyde, L\u00fcneburg (GER)<\/p>\n<p><strong>06.01.07 &#8211; 13th Monkey @ Paradox<\/strong><br \/>\nlive:&nbsp;<strong>13th MONKEY<\/strong>, rd19, Nobdrun, Radio Murmansk<br \/>\nParadox, Ingolstadt (GER)<\/p>\n<p><strong>05.01.07 &#8211; 13th Monkey @ Nachthallen<\/strong><br \/>\nlive:&nbsp;<strong>13th MONKEY<\/strong><br \/>\nNachthallen (Dark Area), Kassel (GER)<\/p>\n<p><strong>09.12.06 &#8211; 15 Jahre Return Of The Living Dead<\/strong><br \/>\nlive:&nbsp;<strong>13th MONKEY<\/strong><br \/>\nMarkthalle (MarX), Hamburg (GER)<\/p>\n<p><strong>24.11.06 &#8211; Robotnacht <\/strong><br \/>\nlive:&nbsp;<strong>13th MONKEY<\/strong><br \/>\nCPA Fi-Sud (Centro Popolare Autogestito), Firenze (I)<\/p>\n<p><strong>03.11.06 &#8211; Terminal <\/strong><br \/>\nlive:&nbsp;<strong>13th MONKEY<\/strong>, Sonar, Grendel, Statik Sky, Volksweerbaarheid, Fertile Reality, The [Law-Rah] Collective<br \/>\nMS Stubnitz, Amsterdam (NL)<\/p>\n<p><strong>28.10.06 &#8211; E-Tech <\/strong><br \/>\nlive:&nbsp;<strong>13th MONKEY<\/strong><br \/>\nUnikum, Erfurt (GER)<\/p>\n<p><strong>27.10.06 &#8211; Die elektronische Nacht II <\/strong><br \/>\nlive:&nbsp;<strong>13th MONKEY<\/strong><br \/>\nDark Flower, Leipzig (GER)<\/p>\n<p><strong>28.04.06 &#8211; Digital Hardcore Riot<\/strong><br \/>\nlive:&nbsp;<strong>13th MONKEY<\/strong>, Ambassador 21<br \/>\nKulturklub Relax, L\u00fcneburg (GER)<\/p>\n","protected":false},"excerpt":{"rendered":"<p>upcoming: 24.\/25.04.26 &#8211; Forms Of Hands 25 live: 13th MONKEY, Ah Cama-Sotz, Mono No Aware, Geistform, S.K.E.T., Greyhound, Monya, ICD-10, Sans-Fin, Torture Gallery, Nullmaschine, &#8230; F\u00f6rderturm B\u00f6nen, Schachtanlage K\u00f6nigsborn III\/IV, B\u00f6nen (GER) archiv: 15.11.25 &#8211; European Dark Dance Treffen live: 13th MONKEY, &#8230; MS Connexxion, Mannheim (GER) 26.\/27.04.24 &#8211; Forms Of Hands 23 live: 13th&hellip;<\/p>\n","protected":false},"author":2,"featured_media":0,"parent":0,"menu_order":1,"comment_status":"closed","ping_status":"closed","template":"","meta":{"ngg_post_thumbnail":0,"footnotes":""},"class_list":["post-85","page","type-page","status-publish","hentry"],"yoast_head":"<!-- This site is optimized with the Yoast SEO plugin v27.2 - https:\/\/yoast.com\/product\/yoast-seo-wordpress\/ -->\n<title>shows - 13th MONKEY<\/title>\n<meta name=\"robots\" content=\"index, follow, max-snippet:-1, max-image-preview:large, max-video-preview:-1\" \/>\n<link rel=\"canonical\" href=\"https:\/\/www.13thmonkey.de\/news\/shows\/\" \/>\n<meta property=\"og:locale\" content=\"de_DE\" \/>\n<meta property=\"og:type\" content=\"article\" \/>\n<meta property=\"og:title\" content=\"shows - 13th MONKEY\" \/>\n<meta property=\"og:description\" content=\"upcoming: 24.\/25.04.26 &#8211; Forms Of Hands 25 live: 13th MONKEY, Ah Cama-Sotz, Mono No Aware, Geistform, S.K.E.T., Greyhound, Monya, ICD-10, Sans-Fin, Torture Gallery, Nullmaschine, &#8230; F\u00f6rderturm B\u00f6nen, Schachtanlage K\u00f6nigsborn III\/IV, B\u00f6nen (GER) archiv: 15.11.25 &#8211; European Dark Dance Treffen live: 13th MONKEY, &#8230; MS Connexxion, Mannheim (GER) 26.\/27.04.24 &#8211; Forms Of Hands 23 live: 13th&hellip;\" \/>\n<meta property=\"og:url\" content=\"https:\/\/www.13thmonkey.de\/news\/shows\/\" \/>\n<meta property=\"og:site_name\" content=\"13th MONKEY\" \/>\n<meta property=\"article:modified_time\" content=\"2026-02-17T08:09:29+00:00\" \/>\n<meta name=\"twitter:card\" content=\"summary_large_image\" \/>\n<meta name=\"twitter:label1\" content=\"Gesch\u00e4tzte Lesezeit\" \/>\n\t<meta name=\"twitter:data1\" content=\"6\u00a0Minuten\" \/>\n<script type=\"application\/ld+json\" class=\"yoast-schema-graph\">{\"@context\":\"https:\/\/schema.org\",\"@graph\":[{\"@type\":\"WebPage\",\"@id\":\"https:\/\/www.13thmonkey.de\/news\/shows\/\",\"url\":\"https:\/\/www.13thmonkey.de\/news\/shows\/\",\"name\":\"shows - 13th MONKEY\",\"isPartOf\":{\"@id\":\"https:\/\/www.13thmonkey.de\/news\/#website\"},\"datePublished\":\"2009-01-03T12:51:41+00:00\",\"dateModified\":\"2026-02-17T08:09:29+00:00\",\"breadcrumb\":{\"@id\":\"https:\/\/www.13thmonkey.de\/news\/shows\/#breadcrumb\"},\"inLanguage\":\"de\",\"potentialAction\":[{\"@type\":\"ReadAction\",\"target\":[\"https:\/\/www.13thmonkey.de\/news\/shows\/\"]}]},{\"@type\":\"BreadcrumbList\",\"@id\":\"https:\/\/www.13thmonkey.de\/news\/shows\/#breadcrumb\",\"itemListElement\":[{\"@type\":\"ListItem\",\"position\":1,\"name\":\"Startseite\",\"item\":\"https:\/\/www.13thmonkey.de\/news\/\"},{\"@type\":\"ListItem\",\"position\":2,\"name\":\"shows\"}]},{\"@type\":\"WebSite\",\"@id\":\"https:\/\/www.13thmonkey.de\/news\/#website\",\"url\":\"https:\/\/www.13thmonkey.de\/news\/\",\"name\":\"13th MONKEY\",\"description\":\"Digital Tech Fractures\",\"potentialAction\":[{\"@type\":\"SearchAction\",\"target\":{\"@type\":\"EntryPoint\",\"urlTemplate\":\"https:\/\/www.13thmonkey.de\/news\/?s={search_term_string}\"},\"query-input\":{\"@type\":\"PropertyValueSpecification\",\"valueRequired\":true,\"valueName\":\"search_term_string\"}}],\"inLanguage\":\"de\"}]}<\/script>\n<!-- \/ Yoast SEO plugin. -->","yoast_head_json":{"title":"shows - 13th MONKEY","robots":{"index":"index","follow":"follow","max-snippet":"max-snippet:-1","max-image-preview":"max-image-preview:large","max-video-preview":"max-video-preview:-1"},"canonical":"https:\/\/www.13thmonkey.de\/news\/shows\/","og_locale":"de_DE","og_type":"article","og_title":"shows - 13th MONKEY","og_description":"upcoming: 24.\/25.04.26 &#8211; Forms Of Hands 25 live: 13th MONKEY, Ah Cama-Sotz, Mono No Aware, Geistform, S.K.E.T., Greyhound, Monya, ICD-10, Sans-Fin, Torture Gallery, Nullmaschine, &#8230; F\u00f6rderturm B\u00f6nen, Schachtanlage K\u00f6nigsborn III\/IV, B\u00f6nen (GER) archiv: 15.11.25 &#8211; European Dark Dance Treffen live: 13th MONKEY, &#8230; MS Connexxion, Mannheim (GER) 26.\/27.04.24 &#8211; Forms Of Hands 23 live: 13th&hellip;","og_url":"https:\/\/www.13thmonkey.de\/news\/shows\/","og_site_name":"13th MONKEY","article_modified_time":"2026-02-17T08:09:29+00:00","twitter_card":"summary_large_image","twitter_misc":{"Gesch\u00e4tzte Lesezeit":"6\u00a0Minuten"},"schema":{"@context":"https:\/\/schema.org","@graph":[{"@type":"WebPage","@id":"https:\/\/www.13thmonkey.de\/news\/shows\/","url":"https:\/\/www.13thmonkey.de\/news\/shows\/","name":"shows - 13th MONKEY","isPartOf":{"@id":"https:\/\/www.13thmonkey.de\/news\/#website"},"datePublished":"2009-01-03T12:51:41+00:00","dateModified":"2026-02-17T08:09:29+00:00","breadcrumb":{"@id":"https:\/\/www.13thmonkey.de\/news\/shows\/#breadcrumb"},"inLanguage":"de","potentialAction":[{"@type":"ReadAction","target":["https:\/\/www.13thmonkey.de\/news\/shows\/"]}]},{"@type":"BreadcrumbList","@id":"https:\/\/www.13thmonkey.de\/news\/shows\/#breadcrumb","itemListElement":[{"@type":"ListItem","position":1,"name":"Startseite","item":"https:\/\/www.13thmonkey.de\/news\/"},{"@type":"ListItem","position":2,"name":"shows"}]},{"@type":"WebSite","@id":"https:\/\/www.13thmonkey.de\/news\/#website","url":"https:\/\/www.13thmonkey.de\/news\/","name":"13th MONKEY","description":"Digital Tech Fractures","potentialAction":[{"@type":"SearchAction","target":{"@type":"EntryPoint","urlTemplate":"https:\/\/www.13thmonkey.de\/news\/?s={search_term_string}"},"query-input":{"@type":"PropertyValueSpecification","valueRequired":true,"valueName":"search_term_string"}}],"inLanguage":"de"}]}},"_links":{"self":[{"href":"https:\/\/www.13thmonkey.de\/news\/wp-json\/wp\/v2\/pages\/85","targetHints":{"allow":["GET"]}}],"collection":[{"href":"https:\/\/www.13thmonkey.de\/news\/wp-json\/wp\/v2\/pages"}],"about":[{"href":"https:\/\/www.13thmonkey.de\/news\/wp-json\/wp\/v2\/types\/page"}],"author":[{"embeddable":true,"href":"https:\/\/www.13thmonkey.de\/news\/wp-json\/wp\/v2\/users\/2"}],"replies":[{"embeddable":true,"href":"https:\/\/www.13thmonkey.de\/news\/wp-json\/wp\/v2\/comments?post=85"}],"version-history":[{"count":85,"href":"https:\/\/www.13thmonkey.de\/news\/wp-json\/wp\/v2\/pages\/85\/revisions"}],"predecessor-version":[{"id":3115,"href":"https:\/\/www.13thmonkey.de\/news\/wp-json\/wp\/v2\/pages\/85\/revisions\/3115"}],"wp:attachment":[{"href":"https:\/\/www.13thmonkey.de\/news\/wp-json\/wp\/v2\/media?parent=85"}],"curies":[{"name":"wp","href":"https:\/\/api.w.org\/{rel}","templated":true}]}}